{"id":1267,"date":"2020-09-07T13:46:43","date_gmt":"2020-09-07T11:46:43","guid":{"rendered":"https:\/\/www.portailclotureamenagement.fr\/clolys\/?post_type=product&#038;p=1267"},"modified":"2021-04-29T00:40:29","modified_gmt":"2021-04-28T22:40:29","slug":"portail-alu-semi-ajoure-lames-de-8-cm-espacees-avec-tole-parallelogramme-modele-084","status":"publish","type":"product","link":"https:\/\/www.portailclotureamenagement.fr\/clolys\/portails\/portails-semi-ajoures\/portail-alu-semi-ajoure-lames-de-8-cm-espacees-avec-tole-parallelogramme-modele-084\/","title":{"rendered":"Portail alu semi-ajour\u00e9 lames de 8 cm espac\u00e9es avec t\u00f4le parall\u00e9logramme (mod\u00e8le 084)"},"content":{"rendered":"","protected":false},"excerpt":{"rendered":"","protected":false},"featured_media":1448,"template":"","meta":{"ngg_post_thumbnail":0},"_links":{"self":[{"href":"https:\/\/www.portailclotureamenagement.fr\/clolys\/wp-json\/wp\/v2\/product\/1267"}],"collection":[{"href":"https:\/\/www.portailclotureamenagement.fr\/clolys\/wp-json\/wp\/v2\/product"}],"about":[{"href":"https:\/\/www.portailclotureamenagement.fr\/clolys\/wp-json\/wp\/v2\/types\/product"}],"wp:featuredmedia":[{"embeddable":true,"href":"https:\/\/www.portailclotureamenagement.fr\/clolys\/wp-json\/wp\/v2\/media\/1448"}],"wp:attachment":[{"href":"https:\/\/www.portailclotureamenagement.fr\/clolys\/wp-json\/wp\/v2\/media?parent=1267"}],"curies":[{"name":"wp","href":"https:\/\/api.w.org\/{rel}","templated":true}]}}