{"id":1450,"date":"2020-11-19T12:19:36","date_gmt":"2020-11-19T11:19:36","guid":{"rendered":"https:\/\/www.portailclotureamenagement.fr\/clolys\/?post_type=product&#038;p=1450"},"modified":"2021-04-29T00:35:32","modified_gmt":"2021-04-28T22:35:32","slug":"portail-alu-semi-ajoure-lames-de-8-cm-espacees-avec-toles-rectangles-decales-modele-127","status":"publish","type":"product","link":"https:\/\/www.portailclotureamenagement.fr\/clolys\/portails\/portails-semi-ajoures\/portail-alu-semi-ajoure-lames-de-8-cm-espacees-avec-toles-rectangles-decales-modele-127\/","title":{"rendered":"Portail alu semi-ajour\u00e9 lames de 8 cm espac\u00e9es avec t\u00f4les rectangles d\u00e9cal\u00e9s (mod\u00e8le 127)"},"content":{"rendered":"","protected":false},"excerpt":{"rendered":"","protected":false},"featured_media":1451,"template":"","meta":{"ngg_post_thumbnail":0},"_links":{"self":[{"href":"https:\/\/www.portailclotureamenagement.fr\/clolys\/wp-json\/wp\/v2\/product\/1450"}],"collection":[{"href":"https:\/\/www.portailclotureamenagement.fr\/clolys\/wp-json\/wp\/v2\/product"}],"about":[{"href":"https:\/\/www.portailclotureamenagement.fr\/clolys\/wp-json\/wp\/v2\/types\/product"}],"wp:featuredmedia":[{"embeddable":true,"href":"https:\/\/www.portailclotureamenagement.fr\/clolys\/wp-json\/wp\/v2\/media\/1451"}],"wp:attachment":[{"href":"https:\/\/www.portailclotureamenagement.fr\/clolys\/wp-json\/wp\/v2\/media?parent=1450"}],"curies":[{"name":"wp","href":"https:\/\/api.w.org\/{rel}","templated":true}]}}