{"id":1458,"date":"2020-11-19T15:10:51","date_gmt":"2020-11-19T14:10:51","guid":{"rendered":"https:\/\/www.portailclotureamenagement.fr\/clopev\/?post_type=product&#038;p=1458"},"modified":"2020-11-19T15:10:51","modified_gmt":"2020-11-19T14:10:51","slug":"portail-alu-ajoure-lames-de-8-cm-espacees-verticales-modele-013","status":"publish","type":"product","link":"https:\/\/www.portailclotureamenagement.fr\/clopev\/portails\/portails-ajoures\/portail-alu-ajoure-lames-de-8-cm-espacees-verticales-modele-013\/","title":{"rendered":"Portail alu ajour\u00e9 lames de 8 cm espac\u00e9es verticales (mod\u00e8le 013)"},"content":{"rendered":"","protected":false},"excerpt":{"rendered":"","protected":false},"featured_media":1459,"template":"","meta":{"ngg_post_thumbnail":0},"_links":{"self":[{"href":"https:\/\/www.portailclotureamenagement.fr\/clopev\/wp-json\/wp\/v2\/product\/1458"}],"collection":[{"href":"https:\/\/www.portailclotureamenagement.fr\/clopev\/wp-json\/wp\/v2\/product"}],"about":[{"href":"https:\/\/www.portailclotureamenagement.fr\/clopev\/wp-json\/wp\/v2\/types\/product"}],"wp:featuredmedia":[{"embeddable":true,"href":"https:\/\/www.portailclotureamenagement.fr\/clopev\/wp-json\/wp\/v2\/media\/1459"}],"wp:attachment":[{"href":"https:\/\/www.portailclotureamenagement.fr\/clopev\/wp-json\/wp\/v2\/media?parent=1458"}],"curies":[{"name":"wp","href":"https:\/\/api.w.org\/{rel}","templated":true}]}}

Portail alu ajouré lames de 8 cm espacées verticales (modèle 013)
