{"id":1271,"date":"2020-09-07T13:50:24","date_gmt":"2020-09-07T11:50:24","guid":{"rendered":"https:\/\/www.portailclotureamenagement.fr\/clowill\/?post_type=product&#038;p=1271"},"modified":"2023-05-25T16:13:20","modified_gmt":"2023-05-25T14:13:20","slug":"portail-alu-ajoure-barreaux-aleatoires-rectangulaires-et-carres-nv12","status":"publish","type":"product","link":"https:\/\/www.portailclotureamenagement.fr\/clowill\/portails\/portails-ajoures\/portail-alu-ajoure-barreaux-aleatoires-rectangulaires-et-carres-nv12\/","title":{"rendered":"Portail alu ajour\u00e9 barreaux al\u00e9atoires rectangulaires et carr\u00e9s (nv12)"},"content":{"rendered":"","protected":false},"excerpt":{"rendered":"","protected":false},"featured_media":1455,"template":"","meta":{"ngg_post_thumbnail":0},"_links":{"self":[{"href":"https:\/\/www.portailclotureamenagement.fr\/clowill\/wp-json\/wp\/v2\/product\/1271"}],"collection":[{"href":"https:\/\/www.portailclotureamenagement.fr\/clowill\/wp-json\/wp\/v2\/product"}],"about":[{"href":"https:\/\/www.portailclotureamenagement.fr\/clowill\/wp-json\/wp\/v2\/types\/product"}],"wp:featuredmedia":[{"embeddable":true,"href":"https:\/\/www.portailclotureamenagement.fr\/clowill\/wp-json\/wp\/v2\/media\/1455"}],"wp:attachment":[{"href":"https:\/\/www.portailclotureamenagement.fr\/clowill\/wp-json\/wp\/v2\/media?parent=1271"}],"curies":[{"name":"wp","href":"https:\/\/api.w.org\/{rel}","templated":true}]}}